t be l(-3). Suppose 2*r + 3*c = -5, t*r - 3*c - 1 = r. Let h be 1/r - 45/(-4). What is the highest common factor of 110 and h?
11
Let y(v) = -v**3 - 7*v**2 + 7*v + 4. Suppose -g = -2*l + 3 + 1, 2*g - 3*l = -10. Let z be y(g). What is the greatest common divisor of z and 3?
3
Suppose 0 = -5*r + 2*q + 112, -2*r + 64 = -0*r + 4*q. Let a be (1/(-2))/((-2)/r). What is the greatest common factor of 30 and a?
6
Let v be 4/(-6) - (-68)/3. Let l be (-4)/6 - 175/(-15). What is the greatest common divisor of l and v?
11
Let h be (-2)/(-2) + 11/(22/162). Calculate the highest common divisor of h and 123.
41
Suppose x - 4*u - 25 = 114, -x = u - 119. Let s = -60 + x. Calculate the greatest common factor of s and 9.
9
Let m be (-9)/(-1) + 0 + 3. Let j = -8 - -6. Let f be (-90)/j + 9/3. Calculate the greatest common divisor of f and m.
12
Let s = 134 + -94. Suppose -3*t + s = 2*b, 0*t + 66 = 5*t + 3*b. Calculate the highest common factor of 3 and t.
3
Let o be 1 + 1/((-2)/(-8)). Suppose v + 2*v - 105 = 0. What is the greatest common factor of v and o?
5
Let z(r) = 0*r - 3 + r**2 + 10*r + r**3 - 9*r**2. Let x be z(7). Calculate the highest common divisor of x and 144.
18
Let z(d) = d. Let r be z(-2). Let v(s) = -2*s**3 - 2*s**2 - 4*s - 3. Let g be v(r). Calculate the highest common divisor of 143 and g.
13
Let j(u) = 4*u - 8. Let q be j(8). Suppose g = -0*g + 3. Suppose 2*i + 4*h - 30 - 38 = 0, -2*i = -g*h - 33. What is the highest common divisor of i and q?
24
Suppose -3*b + 5*b - 10 = 0. What is the greatest common divisor of b and 55?
5
Let y be 81/12 - 1/(-4). Calculate the greatest common factor of 56 and y.
7
Let d = 29 - -61. What is the highest common factor of 18 and d?
18
Suppose 0 = 4*s - 38 - 18. What is the highest common divisor of 98 and s?
14
Let h(l) = 19*l**2 + 2*l. Let f be h(2). Let s be 1 + (-1)/(1 - 2). Suppose f = 4*i - s*i. Calculate the highest common factor of i and 5.
5
Suppose 2*k + 3*v - 71 = 0, 4*v + 64 = 2*k + k. Calculate the highest common factor of 42 and k.
14
Let h(l) = -l**3 - 5*l**2 - 4*l + 1. Suppose -r = r + 8. Let u be h(r). Let o be u*(1 + 7 + 3). Calculate the greatest common divisor of 44 and o.
11
Suppose 4*u + 30 = 3*p - p, p = 5*u + 15. Calculate the greatest common divisor of 15 and p.
15
Let v(a) = -a + 1. Let y be v(-2). Calculate the highest common divisor of y and 1.
1
Suppose 0 = z - 2, 0*b + 26 = 3*b + z. Let s = 9 - b. Let x be (-1 + 2)*s - -41. Calculate the highest common divisor of x and 14.
14
Let f be (70/3)/(1/3). Suppose -t = 4*v - 14, 5*t - v - 59 - 11 = 0. Calculate the highest common divisor of t and f.
14
Suppose 3*w + 18 = q + 5, 3*q - 4*w = 14. Let l be 3 - q*30/4. What is the highest common factor of l and 2?
2
Suppose 5*z + f = 4*z + 8, -z - 2*f + 9 = 0. Let a = -13 + z. Let y be (-112)/a - (-3)/9. What is the greatest common divisor of 95 and y?
19
Suppose -z + 3 = -3*v + 12, 0 = 2*z - 3*v + 12. Let q be z/((-1)/64*2). Calculate the greatest common divisor of q and 12.
12
Let x be ((72/(-5))/(-8))/((-1)/(-10)). Calculate the highest common divisor of 90 and x.
18
Let l(y) = -y**2 - 7*y - 5. Let p be l(-5). Suppose -3*o = -5*g + 3*g + 90, -5*o = 0. Calculate the highest common factor of g and p.
5
Suppose 0 = 5*h + 25, 0*q + q - 2*h - 11 = 0. What is the greatest common factor of q and 5?
1
Suppose -14 = -0*i + i. Let x = 6 - i. Calculate the highest common divisor of x and 140.
20
Suppose -3*l = 2*l, 32 = 4*b + 2*l. Let v be (-20)/(-28) - 2/(-7). Calculate the greatest common factor of b and v.
1
Let n = -257 - -362. Calculate the greatest common factor of 45 and n.
15
Let v(x) = -94*x. Let a be v(-1). What is the greatest common factor of 141 and a?
47
Let b be (22/(-3))/((-50)/75). What is the greatest common divisor of b and 121?
11
Let x(h) = 3*h**2 + 4*h + 1. Let z be x(-2). Calculate the highest common factor of 40 and z.
5
Suppose -2 + 10 = 4*l. What is the greatest common factor of l and 18?
2
Suppose 5*b - 13*b + 24 = 0. Calculate the greatest common divisor of b and 27.
3
Let l = -3 - -36. Calculate the greatest common factor of 3 and l.
3
Let f = 49 - 35. Calculate the greatest common divisor of 70 and f.
14
Let p be (0 - 1)/(10/150). Let c = 61 - p. Let n(z) = 2*z + 7. Let b be n(6). What is the greatest common divisor of c and b?
19
Suppose 3*u - 3*q + 12 = 0, 5*u + 0*q = q - 8. Let b be -1 - 0 - (u - 35). Suppose -6*d = -d - 25. Calculate the greatest common factor of b and d.
5
Let d(i) = i**3 - i**2 + 9. Let o be d(0). Suppose -l + 6*l - 45 = 0. Calculate the greatest common divisor of o and l.
9
Let w(v) = -9*v - 2. Let i be w(-2). Calculate the greatest common divisor of i and 176.
16
Let t = -38 - -42. What is the greatest common divisor of 36 and t?
4
Let q be -2 + 1/((-2)/(-94)). Calculate the highest common factor of 9 and q.
9
Let f be (1 + 9)/(8/4). Suppose -f*k = -k - 28. Suppose 2*y = y + 3*j + 68, -3*j = 4*y - 317. Calculate the highest common divisor of y and k.
7
Suppose 2*h = h. Suppose h*r - 4*r + 8 = 0. Let v be 5*r/10*9. Calculate the greatest common divisor of v and 18.
9
Let q = 11 + -20. Let b be (-8)/(0 + 2/q). What is the highest common factor of 12 and b?
12
Suppose -8*q + 20 = -4*q. Let j = 9 - q. Suppose 9 = 5*f + j. Calculate the greatest common factor of 4 and f.
1
Suppose 4*k - 8 = 4. Let a be (-18)/4*(-2)/k. What is the greatest common factor of a and 27?
3
Suppose -5*h + 83 + 67 = 0. Let q(l) be the first derivative of -3*l**2/2 - l - 3. Let f be q(-7). Calculate the greatest common factor of f and h.
10
Let f = 93 + -87. Calculate the greatest common divisor of f and 4.
2
Let v = -1 + 9. Suppose 3*r = v*r - 300. Calculate the highest common factor of 20 and r.
20
Let w = 61 + -45. What is the highest common factor of w and 176?
16
Let v be (52/(-2))/(-2) + -1. Suppose 2*t - 7*t = -20. Suppose t*f + 0*q - 20 = -3*q, 0 = -q - 4. What is the highest common divisor of v and f?
4
Let m(q) be the first derivative of 2*q**3 - q**2 - q - 1. Let t be m(-1). What is the highest common divisor of 7 and t?
7
Suppose -c = 4*q + 77, 2*c + q + 159 = -2*q. Let v = 62 - c. What is the highest common divisor of v and 13?
13
Let u(k) be the second derivative of k**4/6 - k**3/6 + 3*k**2/2 + 2*k. Let d be u(-7). Suppose -12 = -3*p + 2*p. What is the highest common divisor of d and p?
12
Suppose 3 = -4*k - 5. Let f be (-2 - -111) + 2/k. What is the highest common factor of 12 and f?
12
Let u = -3 - -8. Suppose -w - 795 = -6*w. Suppose -5*x - 34 + w = 0. What is the greatest common divisor of x and u?
5
Suppose 0 = q - 2*j - 2*j + 17, 4*j - 29 = -3*q. Calculate the highest common factor of q and 33.
3
Suppose 0 = -4*t + 16*t - 60. What is the highest common divisor of t and 45?
5
Let l = -10 - -14. Suppose -2 = -5*t + 23, 0 = -b - l*t + 43. What is the highest common factor of b and 207?
23
Let i = 17 - -13. Let o = -14 - -4. Let u = -5 - o. What is the greatest common divisor of i and u?
5
Suppose -2*b + 4*d + 55 = b, -5*b = -3*d - 99. What is the greatest common divisor of b and 3?
3
Suppose 3*g = 183 - 69. Suppose 3*z - 14 - 43 = 0. Calculate the highest common divisor of g and z.
19
Let k = 144 - 129. Let c(n) = 2*n - 3. Let f be c(3). What is the highest common divisor of k and f?
3
Let i = -3 - -3. Suppose -2 = -3*t + 4*m, 2*t + i*t - 5*m = -1. Suppose t*g - 1 = s - 9, 4*g = -5*s + 12. Calculate the greatest common divisor of 12 and s.
4
Let o = 176 + -95. Calculate the greatest common factor of 135 and o.
27
Let b(z) = 2*z**2 - 5*z - 2. Let v be b(-4). Suppose -2*k + 3*a = -22, -2*k + 5*k = -2*a + 7. Calculate the highest common divisor of v and k.
5
Let t = -37 + 57. Suppose r - t = -3*r. What is the greatest common divisor of 5 and r?
5
Suppose -4*m + 60 + 40 = 0. Suppose -12 = 3*j, -5*j = -q - j + m. Suppose -4*g + 3*b + 8 + 1 = 0, b = -4*g + 13. Calculate the highest common factor of g and q.
3
Let x(p) = 6*p - 2. Let k be (-146)/12 - 5/(-30). Let b be (-10)/(-35) - k/7. Let q be x(b). What is the greatest common factor of q and 20?
10
Suppose -o + 2*o = 24. Suppose 5*x - o = x. Calculate the greatest common divisor of 3 and x.
3
Let z be -2*(-4)/6*3. Let d be 8/z*(-2 - -3). Calculate the greatest common factor of d and 2.
2
Suppose 5*l = 9*l - 1408. 